379 is divided by 112?
3
What is the remainder when 2353333 is divided by 1017?
1012
Calculate the remainder when 1871274 is divided by 25.
24
Calculate the remainder when 1830 is divided by 453.
18
What is the remainder when 871 is divided by 72?
7
What is the remainder when 605357 is divided by 470?
467
Calculate the remainder when 19032 is divided by 5.
2
Calculate the remainder when 57122 is divided by 88.
10
Calculate the remainder when 41933 is divided by 13975.
8
Calculate the remainder when 10494 is divided by 84.
78
What is the remainder when 207755 is divided by 261?
260
Calculate the remainder when 31310 is divided by 135.
125
Calculate the remainder when 4778 is divided by 108.
26
What is the remainder when 18796 is divided by 331?
260
Calculate the remainder when 125344 is divided by 43.
42
Calculate the remainder when 207 is divided by 110.
97
What is the remainder when 11702 is divided by 48?
38
Calculate the remainder when 77761 is divided by 42.
19
Calculate the remainder when 18041 is divided by 547.
537
Calculate the remainder when 1311927 is divided by 15.
12
Calculate the remainder when 7226 is divided by 7195.
31
Calculate the remainder when 13271 is divided by 29.
18
What is the remainder when 203529 is divided by 186?
45
Calculate the remainder when 7186 is divided by 124.
118
What is the remainder when 34905 is divided by 11629?
18
Calculate the remainder when 196 is divided by 100.
96
What is the remainder when 10032 is divided by 66?
0
Calculate the remainder when 4302 is divided by 1918.
466
What is the remainder when 56256 is divided by 91?
18
Calculate the remainder when 2417 is divided by 47.
20
Calculate the remainder when 7684 is divided by 220.
204
What is the remainder when 60085 is divided by 37?
34
What is the remainder when 32827 is divided by 1489?
69
What is the remainder when 2451 is divided by 243?
21
Calculate the remainder when 107666 is divided by 2243.
2
Calculate the remainder when 58756 is divided by 1199.
5
Calculate the remainder when 25611 is divided by 672.
75
What is the remainder when 470643 is divided by 14?
5
Calculate the remainder when 263422 is divided by 392.
390
Calculate the remainder when 124 is divided by 16.
12
Calculate the remainder when 105352 is divided by 105331.
21
Calculate the remainder when 88700 is divided by 733.
7
What is the remainder when 1399087 is divided by 3116?
3
What is the remainder when 4349 is divided by 235?
119
What is the remainder when 7835 is divided by 102?
83
Calculate the remainder when 4234 is divided by 18.
4
What is the remainder when 109582 is divided by 3424?
14
Calculate the remainder when 68038 is divided by 81.
79
Calculate the remainder when 2305 is divided by 294.
247
Calculate the remainder when 211534 is divided by 144.
142
Calculate the remainder when 1179882 is divided by 196647.
0
What is the remainder when 154762 is divided by 4072?
26
What is the remainder when 14191 is divided by 174?
97
Calculate the remainder when 376049 is divided by 164.
161
Calculate the remainder when 3174 is divided by 3.
0
Calculate the remainder when 13058 is divided by 1294.
118
Calculate the remainder when 496925 is divided by 6290.
15
What is the remainder when 3771 is divided by 106?
61
What is the remainder when 190092 is divided by 551?
548
What is the remainder when 31998 is divided by 248?
6
Calculate the remainder when 116621 is divided by 107.
98
Calculate the remainder when 7733373 is divided by 147.
144
What is the remainder when 4223 is divided by 226?
155
What is the remainder when 1239 is divided by 410?
9
Calculate the remainder when 260173 is divided by 227.
31
What is the remainder when 655 is divided by 584?
71
What is the remainder when 8056 is divided by 278?
272
Calculate the remainder when 29899 is divided by 66.
1
Calculate the remainder when 8944 is divided by 873.
214
What is the remainder when 114686 is divided by 224?
222
Calculate the remainder when 4808 is divided by 181.
102
Calculate the remainder when 103336 is divided by 25833.
4
Calculate the remainder when 23640 is divided by 23473.
167
What is the remainder when 48796 is divided by 12198?
4
What is the remainder when 372104 is divided by 60?
44
What is the remainder when 884704 is divided by 44?
40
What is the remainder when 25841 is divided by 12917?
7
What is the remainder when 62552 is divided by 15638?
0
Calculate the remainder when 6545 is divided by 3072.
401
Calculate the remainder when 4363548 is divided by 13.
7
Calculate the remainder when 275 is divided by 267.
8
What is the remainder when 14018 is divided by 96?
2
What is the remainder when 964 is divided by 430?
104
Calculate the remainder when 12185 is divided by 27.
8
What is the remainder when 859387 is divided by 64?
59
Calculate the remainder when 3747 is divided by 150.
147
Calculate the remainder when 104303 is divided by 2819.
0
What is the remainder when 19459 is divided by 31?
22
Calculate the remainder when 34050 is divided by 11349.
3
What is the remainder when 7754 is divided by 11?
10
What is the remainder when 25199 is divided by 200?
199
Calculate the remainder when 632 is divided by 317.
315
Calculate the remainder when 636 is divided by 553.
83
Calculate the remainder when 50406 is divided by 762.
114
What is the remainder when 27480 is divided by 27475?
5
Calculate the remainder when 8120 is divided by 17.
11
Calculate the remainder when 228 is divided by 133.
95
Calculate the remainder when 6742 is divided by 100.
42
What is the remainder when 21044 is divided by 435?
164
Calculate the remainder when 435 is divided by 142.
9
Calculate the remainder when 18016 is divided by 139.
85
Calculate the remainder when 10404 is divided by 280.
44
Calculate the remainder when 6779385 is divided by 924.
921
What is the remainder when 6918 is divided by 2173?
399
What is the remainder when 14117 is divided by 7040?
37
Calculate the remainder when 34647 is divided by 1283.
6
What is the remainder when 75400 is divided by 7?
3
What is the remainder when 1116 is divided by 243?
144
What is the remainder when 491490 is divided by 122864?
34
What is the remainder when 361971 is divided by 15?
6
What is the remainder when 40522 is divided by 20253?
16
What is the remainder when 70312 is divided by 145?
132
What is the remainder when 382955 is divided by 69?
5
Calculate the remainder when 959 is divided by 15.
14
What is the remainder when 11823 is divided by 303?
6
What is the remainder when 239706 is divided by 71?
10
Calculate the remainder when 143 is divided by 12.
11
Calculate the remainder when 16043 is divided by 104.
27
Calculate the remainder when 4430 is divided by 553.
6
Calculate the remainder when 6288 is divided by 3103.
82
Calculate the remainder when 107638 is divided by 107.
103
What is the remainder when 30717 is divided by 769?
726
Calculate the remainder when 61456 is divided by 179.
59
Calculate the remainder when 24982 is divided by 1957.
1498
Calculate the remainder when 3642 is divided by 148.
90
Calculate the remainder when 15524 is divided by 145.
9
What is the remainder when 5528 is divided by 102?
20
Calculate the remainder when 3946 is divided by 324.
58
Calculate the remainder when 1316 is divided by 577.
162
Calculate the remainder when 716 is divided by 20.
16
Calculate the remainder when 206546 is divided by 150.
146
What is the remainder when 8206 is divided by 4094?
18
Calculate the remainder when 9734 is divided by 107.
104
Calculate the remainder when 45143 is divided by 45132.
11
What is the remainder when 2819 is divided by 59?
46
What is the remainder when 226874 is divided by 125?
124
What is the remainder when 90742 is divided by 250?
242
Calculate the remainder when 6838 is divided by 360.
358
What is the remainder when 192196 is divided by 192195?
1
Calculate the remainder when 466468 is divided by 116613.
16
What is the remainder when 345572 is divided by 115?
112
What is the remainder when 252476 is divided by 253?
235
What is the remainder when 17249 is divided by 115?
114
Calculate the remainder when 29171 is divided by 1045.
956
What is the remainder when 21078 is divided by 842?
28
Calculate the remainder when 8862 is divided by 181.
174
Calculate the 